he remainder when 39 is divided by 22?
17
Calculate the remainder when 36041 is divided by 15.
11
Calculate the remainder when 552 is divided by 37.
34
What is the remainder when 1320 is divided by 63?
60
Calculate the remainder when 158 is divided by 42.
32
What is the remainder when 479 is divided by 21?
17
What is the remainder when 1799 is divided by 139?
131
Calculate the remainder when 4023 is divided by 11.
8
Calculate the remainder when 456 is divided by 17.
14
Calculate the remainder when 79 is divided by 43.
36
Calculate the remainder when 482 is divided by 21.
20
What is the remainder when 150 is divided by 6?
0
What is the remainder when 1023 is divided by 510?
3
What is the remainder when 18187 is divided by 379?
374
Calculate the remainder when 109 is divided by 82.
27
What is the remainder when 137 is divided by 10?
7
Calculate the remainder when 981 is divided by 10.
1
Calculate the remainder when 1776 is divided by 359.
340
Calculate the remainder when 316 is divided by 313.
3
What is the remainder when 33458 is divided by 198?
194
Calculate the remainder when 648 is divided by 625.
23
Calculate the remainder when 1301 is divided by 14.
13
What is the remainder when 1182 is divided by 147?
6
What is the remainder when 3699 is divided by 109?
102
Calculate the remainder when 579 is divided by 45.
39
What is the remainder when 253 is divided by 146?
107
Calculate the remainder when 3388 is divided by 87.
82
Calculate the remainder when 125 is divided by 41.
2
What is the remainder when 497 is divided by 17?
4
Calculate the remainder when 413 is divided by 46.
45
Calculate the remainder when 176 is divided by 15.
11
Calculate the remainder when 7233 is divided by 67.
64
Calculate the remainder when 74 is divided by 15.
14
What is the remainder when 291 is divided by 30?
21
Calculate the remainder when 334 is divided by 130.
74
Calculate the remainder when 419 is divided by 48.
35
What is the remainder when 499 is divided by 131?
106
Calculate the remainder when 3501 is divided by 17.
16
Calculate the remainder when 221 is divided by 76.
69
Calculate the remainder when 319 is divided by 103.
10
What is the remainder when 970 is divided by 4?
2
What is the remainder when 525 is divided by 77?
63
What is the remainder when 189 is divided by 64?
61
What is the remainder when 212 is divided by 57?
41
What is the remainder when 2722 is divided by 59?
8
Calculate the remainder when 1580 is divided by 47.
29
Calculate the remainder when 725 is divided by 102.
11
Calculate the remainder when 63 is divided by 60.
3
What is the remainder when 34 is divided by 11?
1
Calculate the remainder when 51831 is divided by 163.
160
Calculate the remainder when 156 is divided by 120.
36
Calculate the remainder when 432 is divided by 14.
12
What is the remainder when 171 is divided by 24?
3
What is the remainder when 7856 is divided by 29?
26
What is the remainder when 18 is divided by 10?
8
Calculate the remainder when 6294 is divided by 75.
69
Calculate the remainder when 235 is divided by 131.
104
What is the remainder when 160 is divided by 82?
78
What is the remainder when 193 is divided by 4?
1
Calculate the remainder when 1430 is divided by 119.
2
What is the remainder when 580 is divided by 106?
50
Calculate the remainder when 296 is divided by 26.
10
Calculate the remainder when 103 is divided by 9.
4
Calculate the remainder when 31 is divided by 17.
14
What is the remainder when 857 is divided by 278?
23
What is the remainder when 363 is divided by 16?
11
Calculate the remainder when 1136 is divided by 67.
64
Calculate the remainder when 794 is divided by 32.
26
Calculate the remainder when 71 is divided by 22.
5
What is the remainder when 536 is divided by 137?
125
Calculate the remainder when 84 is divided by 43.
41
Calculate the remainder when 683 is divided by 54.
35
Calculate the remainder when 222 is divided by 7.
5
Calculate the remainder when 285 is divided by 276.
9
What is the remainder when 19 is divided by 17?
2
What is the remainder when 1119 is divided by 51?
48
What is the remainder when 3350 is divided by 129?
125
Calculate the remainder when 175 is divided by 5.
0
Calculate the remainder when 741 is divided by 188.
177
What is the remainder when 97 is divided by 40?
17
What is the remainder when 341 is divided by 36?
17
What is the remainder when 53 is divided by 6?
5
What is the remainder when 1597 is divided by 531?
4
What is the remainder when 3264 is divided by 86?
82
What is the remainder when 233 is divided by 21?
2
What is the remainder when 1131 is divided by 64?
43
What is the remainder when 1416 is divided by 467?
15
Calculate the remainder when 114 is divided by 20.
14
What is the remainder when 93 is divided by 30?
3
What is the remainder when 227 is divided by 23?
20
Calculate the remainder when 826 is divided by 41.
6
What is the remainder when 852 is divided by 111?
75
Calculate the remainder when 96 is divided by 50.
46
Calculate the remainder when 826 is divided by 46.
44
What is the remainder when 71 is divided by 29?
13
What is the remainder when 1367 is divided by 1367?
0
Calculate the remainder when 2023 is divided by 663.
34
Calculate the remainder when 159 is divided by 21.
12
Calculate the remainder when 3225 is divided by 12.
9
What is the remainder when 85 is divided by 50?
35
Calculate the remainder when 1035 is divided by 26.
21
Calculate the remainder when 169 is divided by 39.
13
What is the remainder when 1036 is divided by 148?
0
What is the remainder when 59 is divided by 20?
19
What is the remainder when 1018 is divided by 17?
15
Calculate the remainder when 583 is divided by 13.
11
Calculate the remainder when 194 is divided by 72.
50
What is the remainder when 836 is divided by 214?
194
Calculate the remainder when 3022 is divided by 63.
61
What is the remainder when 23 is divided by 6?
5
What is the remainder when 182 is divided by 62?
58
Calculate the remainder when 221 is divided by 75.
71
Calculate the remainder when 29 is divided by 11.
7
What is the remainder when 59 is divided by 28?
3
What is the remainder when 914 is divided by 30?
14
Calculate the remainder when 65 is divided by 17.
14
Calculate the remainder when 238 is divided by 82.
74
What is the remainder when 451 is divided by 25?
1
What is the remainder when 12548 is divided by 89?
88
What is the remainder when 145 is divided by 7?
5
Calculate the remainder when 2230 is divided by 36.
34
Calculate the remainder when 250 is divided by 27.
7
What is the remainder when 20 is divided by 17?
3
Calculate the remainder when 121 is divided by 45.
31
Calculate the remainder when 137 is divided by 52.
33
Calculate the remainder when 92 is divided by 35.
22
Calculate the remainder when 68 is divided by 12.
8
Calculate the remainder when 365 is divided by 112.
29
What is the remainder when 1118 is divided by 10?
8
Calculate the remainder when 733 is divided by 105.
103
Calculate the remainder when 8304 is divided by 62.
58
What is the remainder when 2923 is divided by 65?
63
Calculate the remainder when 227 is divided by 19.
18
Calculate the remainder when 2593 is divided by 44.
41
Calculate the remainder when 705 is divided by 34.
25
What is the remainder when 62 is divided by 27?
8
Calculate the remainder when 2056 is divided by 83.
64
What is the remainder when 507 is divided by 21?
3
What is the remainder when 173 is divided by 43?
1
Calculate the remainder when 9103 is divided by 36.
31
What is the remainder when 1460 is divided by 163?
156
Calculate the remainder when 151 is divided by 45.
16
Calculate the remainder when 726 is divided by 236.
18
What is the remainder when 3798 is divided by 631?
12
Calculate the remainder when 31 is divided by 17.
14
Calculate the remainder when 174 is divided by 35.
34
What is the remainder when 265 is divided by 16?
9
What is the remainder when 117 is divided by 66?
51
Calculate the remainder when 1568 is divided by 3.
2
Calculate the remainder when 881 is divided by 72.
17
What is the remainder when 9487 is divided by 65?
62
What is the remainder when 418 is divided by 70?
68
What is the remainder when 105 is divided by 103?
2
What is the remainder when 2838 is divided by 21?
3
What is t